r of 96036?
True
Does 137 divide 615444?
False
Is 5 a factor of 485785?
True
Does 13 divide 721513?
True
Is 14 a factor of 27776?
True
Is 37550 a multiple of 25?
True
Is 1308055 a multiple of 931?
True
Is 963764 a multiple of 34?
True
Is 53 a factor of 37396?
False
Is 73752 a multiple of 168?
True
Is 113 a factor of 95464?
False
Is 7364403 a multiple of 159?
True
Does 20 divide 1015776?
False
Is 546573 a multiple of 43?
True
Is 104 a factor of 15114?
False
Is 9 a factor of 417951?
True
Is 85 a factor of 279565?
True
Does 41 divide 107625?
True
Is 375012 a multiple of 198?
True
Does 13 divide 163644?
True
Does 1575 divide 13685175?
True
Does 13 divide 359255?
True
Does 22 divide 17666?
True
Is 11 a factor of 2185271?
True
Is 1592909 a multiple of 46?
False
Does 38 divide 34858?
False
Is 10764654 a multiple of 1928?
False
Does 8 divide 31009?
False
Is 55590 a multiple of 3?
True
Is 31 a factor of 2518882?
False
Does 31 divide 2526562?
True
Is 2892960 a multiple of 441?
True
Is 4558152 a multiple of 739?
True
Does 30 divide 49636?
False
Is 385024 a multiple of 13?
False
Is 98965 a multiple of 356?
False
Does 139 divide 207368?
False
Does 25 divide 67275?
True
Does 10 divide 446180?
True
Is 652894 a multiple of 142?
False
Is 143 a factor of 545259?
True
Is 27575161 a multiple of 26?
False
Does 6 divide 53538?
True
Is 1030172 a multiple of 26?
True
Is 11 a factor of 34793?
True
Does 29 divide 2881866?
False
Is 188 a factor of 371112?
True
Is 22390 a multiple of 97?
False
Does 10 divide 122852?
False
Does 214 divide 1362708?
False
Is 1808106 a multiple of 63?
False
Is 917 a factor of 12249133?
False
Does 11 divide 30976?
True
Does 61 divide 11590364?
False
Is 8 a factor of 44362?
False
Does 22 divide 711150?
True
Does 559 divide 451113?
True
Is 8612663 a multiple of 140?
False
Is 30380 a multiple of 5?
True
Is 66014 a multiple of 18?
False
Does 167 divide 67969?
True
Is 144004 a multiple of 556?
True
Does 1155 divide 1496880?
True
Is 9 a factor of 17370?
True
Is 1434350 a multiple of 25?
True
Is 411277 a multiple of 31?
True
Does 9 divide 500149?
False
Does 850 divide 2380887?
False
Is 401 a factor of 7343333?
False
Does 13 divide 3359438?
False
Does 254 divide 275768?
False
Does 146 divide 51325?
False
Does 43 divide 488002?
False
Does 19 divide 429218?
False
Does 11 divide 289638?
False
Is 97 a factor of 432232?
True
Does 99 divide 18612?
True
Does 46 divide 119416?
True
Is 92871 a multiple of 51?
True
Does 13 divide 4682?
False
Is 6979 even?
False
Is 62 a factor of 198646?
False
Is 2324058 a multiple of 164?
False
Is 213 a factor of 1317216?
False
Is 136132 a multiple of 50?
False
Is 8144654 a multiple of 14?
True
Is 13 a factor of 275285?
False
Does 14 divide 25421?
False
Is 30663092 a multiple of 11?
False
Does 118 divide 1843300?
False
Is 165464 a multiple of 104?
True
Is 25324 a multiple of 462?
False
Is 191 a factor of 235121?
True
Is 141 a factor of 1030449?
False
Does 13 divide 1245517?
True
Is 8 a factor of 95776?
True
Is 39720 a multiple of 331?
True
Is 31660 a multiple of 10?
True
Does 55 divide 1747570?
True
Does 49 divide 4064599?
True
Is 2481839 a multiple of 8?
False
Is 89 a factor of 13951?
False
Is 31104 a multiple of 243?
True
Is 27 a factor of 193946?
False
Is 1680322 a multiple of 34?
False
Does 28 divide 1786624?
True
Does 29 divide 723231?
True
Is 337678 a multiple of 61?
False
Does 11 divide 6171?
True
Does 311 divide 1179025?
False
Is 16445 a multiple of 23?
True
Is 1233752 a multiple of 26?
True
Does 167 divide 58116?
True
Is 27145 a multiple of 5?
True
Does 170 divide 5028090?
True
Is 7 a factor of 27643?
True
Is 11 a factor of 5342050?
False
Is 895541 a multiple of 53?
True
Is 4986 even?
True
Does 12 divide 13891428?
True
Is 66 a factor of 691548?
True
Is 114640 a multiple of 20?
True
Is 582 a factor of 12269791?
False
Is 59 a factor of 2901679?
True
Is 5 a factor of 325195?
True
Does 311 divide 3681307?
True
Is 74808 a multiple of 18?
True
Is 182 a factor of 12933801?
False
Is 172621 a multiple of 52?
False
Is 647418 a multiple of 6?
True
Is 135663 a multiple of 2?
False
Is 35642 a multiple of 71?
True
Is 14462 a multiple of 2?
True
Is 3056224 a multiple of 13?
False
Is 3167136 a multiple of 18?
True
Is 1134467 a multiple of 627?
False
Does 67 divide 153028?
True
Does 594 divide 5354316?
True
Does 190 divide 2340990?
True
Is 26 a factor of 127634?
True
Is 133042 a multiple of 91?
True
Is 49060 a multiple of 33?
False
Does 83 divide 749903?
False
Does 10 divide 9661160?
True
Is 350 a factor of 1199506?
False
Is 613995 a multiple of 163?
False
Does 3 divide 126231?
True
Does 51 divide 32951?
False
Is 10504587 a multiple of 307?
False
Is 117960 a multiple of 122?
False
Is 3698 a multiple of 120?
False
Does 9 divide 81807?
False
Is 2 a factor of 3726?
True
Is 12023218 a multiple of 41?
False
Is 626 a factor of 12650901?
False
Is 5 a factor of 35065?
True
Is 82562 a multiple of 50?
False
Is 424 a factor of 84376?
True
Is 12 a factor of 61206?
False
Is 108025 a multiple of 149?
True
Is 233074 a multiple of 3?
False
Is 392498 a multiple of 11?
False
Is 285 a factor of 3544260?
True
Is 11544 a multiple of 25?
False
Does 4 divide 9379?
False
Does 15 divide 50693?
False
Is 2391780 a multiple of 17?
False
Does 10 divide 3386471?
False
Is 35 a factor of 192605?
True
Does 32 divide 45331?
False
Does 58 divide 14674?
True
Is 8 a factor of 4224?
True
Is 6 a factor of 165408?
True
Is 30 a factor of 266863?
False
Is 513137 a multiple of 60?
False
Is 361730 a multiple of 19?
False
Is 1487143 a multiple of 108?
False
Is 49 a factor of 115052?
True
Is 8 a factor of 499396?
False
Does 80 divide 168400?
True
Does 12 divide 130287?
False
Is 165 a factor of 193380?
True
Is 139 a factor of 78257?
True
Is 989982 a multiple of 486?
True
Is 2319197 a multiple of 96?
False
Is 254 a factor of 1502156?
True
Is 402 a factor of 483204?
True
Is 130 a factor of 225291?
False
Is 657300 a multiple of 210?
True
Is 1096046 a multiple of 592?
False
Is 30632386 a multiple of 243?
False
Does 1404 divide 5502276?
True
Is 20471 even?
False
Is 47030 a multiple of 84?
False
Is 63427 a multiple of 18?
False
Is 16 a factor of 1438?
False
Is 204351 a multiple of 145?
False
Is 20 a factor of 441725?
False
Does 130 divide 74832?
False
Does 32 divide 544416?
True
Is 188 a factor of 47752?
True
Is 8 a factor of 95396?
False
Does 383 divide 419928?
False
Does 568 divide 1227448?
True
Does 71 divide 1389753?
False
Is 6 a factor of 96218?
False
Is 59 a factor of 789670?
False
Does 33 divide 22638?
True
Is 46 a factor of 479090?
True
Is 83743 a multiple of 58?
False
Is 123318 a multiple of 51?
True
Is 44 a factor of 831336?
True
Does 81 divide 118652?
False
Is 217 a factor of 621929?
False
Is 157 a factor of 13795937?
False
Is 1943749 a multiple of 28?
False
Is 10435560 a multiple of 30?
True
Does 489 divide 1491438?
False
Is 1225693 a multiple of 5?
False
Does 11 divide 4133041?
True
Is 934763 a multiple of 53?
False
Is 11 a factor of 6593263?
False
Does 6 divide 28966?
False
Is 300 a factor of 73500?
True
Is 1710784 a multiple of 64?
True
Is 71 a factor of 385137?
False
Is 241 a factor of 1934502?
False
Is 1700952 a multiple of 22?
True
Is 19157528 a multiple of 62?
False
Is 48905 a multiple of 6?
False
Is 1973313 a multiple of 387?
True
Does 94 divide 50666?
True
Is 713250 a multiple of 48?
False
Does 119 divide 3151477?
True
Does 5 divide 372069?
False
Does 410 divide 1981168?
False
Is 33 a factor of 229552?
False
Is 14011822 a multiple of 22?
True
Is 768690 a multiple of 51?
False
Does 12 divide 4216?
False
Is 34 a factor of 31824?
True
Does 340 divide 3080417?
False
Does 99 divide 8978013?
True
Does 8 divide 3592?
True
Does 17 divide 1051167?
False
Does 16 divide 3285008?
True
Is 9577797 a multiple of 59?
False
Is 28 a factor of 2256512?
False
Is 152280 a multiple of 47?
True
Does 12 divide 263820?
True
Is 858061 a multiple of 57?
False
Is 19845 a multiple of 9?
True
Is 1626480 a multiple of 251?
True
Is 79 a factor of 28588?
False
Does 17 divide 408680?
True
Is 3 a factor of 571262?
False
Does 63 divide 114282?
True
Is 6020238 a multiple of 7?
True
Is 27930331 a multiple of 11?
True
Is 7150 a multiple of 5?
True
Is 17 a factor of 953831?
False
Is 12 a factor of 92